z = -q. Is i prime?
False
Let y = -589 - -668. Suppose -63*q = -y*q + 6032. Is q a composite number?
True
Let p(s) = 59*s + 76*s - 9 - 11*s. Is p(4) prime?
True
Suppose -4355280 = -23*g - 1267714. Is g prime?
False
Let b(v) = 9580*v**3 - 4*v**2 + 775*v - 3099. Is b(4) a composite number?
True
Let u = -3962 + 6166. Let a = u + 737. Is a a prime number?
False
Let s = 29362 - -31507. Is s composite?
False
Is (1778006/1066)/((-2)/(-26)) a prime number?
True
Let i be (76/(-12) + 2)/(11/231). Is (12590/35)/((-26)/i) composite?
False
Suppose 2*l + 2*c - 18 = 5*c, -l + 7 = -c. Let j be -193*4 + 2*(-2 + l). Let k = 4617 + j. Is k a composite number?
False
Suppose 13*t = 51 + 14. Suppose 2*b - 10*s = -11*s + 3, -b - t*s + 15 = 0. Suppose -1832 = -v + 3*z, v + b*v + 4*z = 1846. Is v a composite number?
True
Let j = 210 + -170. Suppose -194530 = -30*p - j*p. Is p a composite number?
True
Suppose 4 + 2 = s. Suppose -1838 + 5180 = 6*d. Suppose 0 = -7*n + s*n + d. Is n composite?
False
Let r(t) = t**2 + 26*t + 79071. Is r(0) composite?
True
Suppose 3498 = -7*k - 57192. Let t = -2971 - k. Is 4/(-18) - 3/((-27)/t) composite?
True
Suppose -8827805 = -88*b + 12059787. Is b prime?
False
Let l(b) = b**2 - b. Let f(g) = -2*g**3 - 7*g**2 + 13*g - 27. Let y(c) = -f(c) + 4*l(c). Is y(7) a composite number?
True
Let l(y) = -17*y**3 + 6*y**2 + 4*y - 6. Suppose -4*b - 3*t - 32 = 0, -b + 14*t - 10*t + 11 = 0. Is l(b) a composite number?
True
Is (-3679515)/42*(-6)/15 composite?
True
Suppose v + 4*r - 6670 = r, -4*v - r = -26691. Let j = v - 2060. Is j prime?
False
Suppose 22889 = 4*d - 3*i, -34356 = 58*d - 64*d + 2*i. Is d prime?
False
Let y = 176 + -138. Is (-277452)/(-39) + y/(-247) prime?
False
Suppose 5*s + 92*x - 15599208 = 93*x, -4*x + 28 = 0. Is s a composite number?
False
Suppose 4*k - 1470 = 14*k. Let t = -44 - k. Is t composite?
False
Let p(x) be the first derivative of 146*x**3/3 - 17*x**2/2 + 66*x - 38. Is p(5) prime?
True
Suppose 2*f + 4*t + 12 = 0, -2*t + 0*t = 2*f + 2. Let q(a) = 6*a + 9*a + 38*a**2 - 9 + 33*a**2. Is q(f) a prime number?
True
Suppose -3*h - 2*m - 103 = 2*m, -3*m = -3*h - 96. Let r be (-4 + -2)/((-6)/h). Is (r/9 + 3)/(6/(-5283)) a prime number?
True
Let x = -22649 + 33832. Is x composite?
True
Is (530/(-90) - -7) + (-87836229)/(-81) a prime number?
False
Suppose 11*h = 12*h + 1, f - h - 3128 = 0. Let m = f - -1858. Is m prime?
False
Let p = -4258 - -13163. Suppose 0 = -6*o + o + p. Let f = -968 + o. Is f prime?
False
Suppose -2*r + 212 = 5*n - 83, -5 = -r. Let s be 5909/n - (-4)/(-6). Suppose 4*i + 3*p - 367 = 121, -i = -4*p - s. Is i prime?
False
Suppose 2*g = -2*j + 188648, -4*g = 4*j - 9*g - 377269. Is j prime?
True
Is (-6 - -11)*9082491/55 - 2 a prime number?
True
Is (2574476/8 + 1)/((-54)/(-108)) a composite number?
True
Suppose 0 = 3*q + 2*a - 142481, 12*q - 7*q + 4*a - 237471 = 0. Is q composite?
False
Let o = -576 - -2026. Suppose -3940 = -2*v + 7*v. Let i = v + o. Is i a prime number?
False
Let k be (-2 - 2)/(2/5023). Let q = k + 16293. Is q prime?
True
Let v = -10 - -14. Suppose 0 = -s + 7*s - 12. Suppose -v*b - 6*n = -s*n - 1924, -5*n - 1906 = -4*b. Is b a composite number?
False
Let t(o) = -606*o**2 - 5*o + 7. Let r(p) = -604*p**2 - 5*p + 7. Let q(l) = 4*r(l) - 5*t(l). Is q(2) composite?
False
Suppose 8*x = -182828 + 51748. Is (15 + x)/(-4 - -2) composite?
True
Suppose 19607*i - 19630*i + 6458929 = 0. Is i prime?
False
Suppose d - 117 + 61 = 0. Let v = d - 52. Suppose 1 = -m + 2, 5*g - v*m = 8791. Is g prime?
True
Let b = 6211 + -4241. Let u = 4423 - b. Is u a composite number?
True
Let d = -627 + 26. Let s = -20 - d. Is s a composite number?
True
Let w be (-32631)/(-4) + 3/36*-9. Is ((-42)/24 - -1) + w/12 prime?
False
Is (2 - 0) + 4 - -873578*(-10)/(-20) a composite number?
True
Suppose -10*j + 561578 = 170758. Let h = -19473 + j. Is h prime?
True
Suppose 2*i - 6*m - 15389 = -m, -2*i + 15379 = 5*m. Is i/(-15)*(0 - (-10)/(-4)) a prime number?
False
Let m = -111126 - -202897. Is m a composite number?
False
Suppose -4299 + 19457 = -11*d. Let c = 2775 + d. Is c prime?
False
Let a = -3870814 + 6872049. Is a a prime number?
False
Let g = 435 - 184. Let k(s) = -s**2 - 17*s - 37. Let d be k(-14). Suppose -4*c = 5*a - 971, -d*a + a + g = c. Is c a composite number?
False
Let t = 148937 - -88602. Is t composite?
True
Is (-396602)/10*(-80)/(-48)*-3 prime?
True
Let h = 13 - -37. Let y(l) = -27*l - 24*l + 20 + h*l. Is y(-15) composite?
True
Suppose 7*z - 10 = 2*z. Suppose -z*n = -10*n + 2712. Is n a prime number?
False
Let g = 886 + -501. Suppose 0 = -2*u + 4*a + 1269 - g, 0 = -3*u + 2*a + 1334. Suppose f + u = 3*f. Is f a composite number?
False
Let v(n) = -5639*n**3 + 6*n**2 - 11*n - 26. Let f be v(-5). Suppose -27*g - 15*g = -f. Is g composite?
False
Let q be (3 + 2 - (3 + -1)) + 0. Suppose 4*n + 140 = q*i - 42, -272 = -4*i - 2*n. Suppose -5*r = -5*j + 420, 0 = -j + 2*r + 15 + i. Is j prime?
False
Let m be (-64)/(-352) - 70/22. Let h be (2 - -2) + -5 + -5. Is m/h*6310/5 composite?
False
Let k(g) = -3*g**3 - 2*g**2 + 4*g + 2. Suppose 3*x - 4 = -w, 2*x - 12 = 3*w - 2. Let q be ((-1)/2)/(w/(-20)). Is k(q) composite?
False
Let w(d) = 6*d - 9. Let g(h) = h. Let l(v) = 3*g(v) - w(v). Let i be l(10). Is (-20316)/i - 12/28 a prime number?
True
Let z = 633679 + -391278. Is z a composite number?
True
Let a(w) = -269*w**3 + 4*w**2 - 5*w - 11. Let m be a(-3). Suppose 679 + m = 26*x. Is x a composite number?
False
Let b = -2190 + 3179. Suppose -j = 2*y - 1539, 2*j - 2095 = -y + b. Is j prime?
True
Let a(t) = -59*t**3 + 6*t**2 + 2*t - 7. Let h be a(-3). Let i = h - 1125. Is i prime?
True
Let k(x) = -7*x - 161. Let q be k(-13). Suppose 0*v - 576 = -4*v. Let b = v + q. Is b composite?
True
Let y = 2297875 - 792102. Is y composite?
False
Let f(p) = 21*p + 38. Let w be f(-1). Let q(g) = g**3 - 17 + 10 + 14*g - 15 - 16*g**2. Is q(w) a prime number?
False
Let v(t) = 3*t**2 - 2*t - 1. Let n be v(-1). Suppose -7504 = -n*c - 10*c. Let z = c - 3. Is z a composite number?
True
Let r = -328106 + 534019. Is r a composite number?
False
Let m be (-1015)/6 + 1/(24/4). Let d = m + 204. Is d prime?
False
Let x = 6 - 5. Let a be 32744 - -4 - ((-4)/x - -1). Is (6/33 - 0) + a/99 prime?
True
Let w = -137 - -192. Suppose w*b = 54*b + 2251. Is b a prime number?
True
Suppose 0 = 32*l - 40*l - 7352. Let s = 2070 + l. Is s a prime number?
True
Suppose 5*f + 2*z = 318371 + 136196, 3*f - 272734 = 5*z. Is f prime?
False
Suppose -38891 = 5*l + 2*v - 607972, 3*l - 4*v - 341485 = 0. Is l composite?
False
Suppose -7*f + 57143 = 5*z, -345*z + 347*z = 4*f + 22898. Is z prime?
True
Suppose 0 = 5*d - 4*x - 30666, -10692 = -5*d - x + 19954. Let m = 11084 - d. Is m a prime number?
False
Let s(c) = 2300*c**3 + 141*c**2 - 710*c + 4. Is s(5) a prime number?
False
Suppose i + m = 210364, 23*m - 27*m = 5*i - 1051823. Is i a prime number?
False
Let s = -666577 - -1281198. Is s a composite number?
True
Let r(c) = -160*c + 76. Let h be r(-7). Suppose -h = 14*s - 27922. Is s composite?
True
Let g = -926926 + 2157149. Is g a composite number?
False
Let h be ((-462)/(-126))/((-2)/(-6)). Suppose -32*t + h*t = -48993. Is t a prime number?
True
Let y(z) = -z**3 + 6*z**2 - 3*z - 7. Let g be y(5). Suppose 4*v - 14 = -4*b + 6, g*v - 16 = -4*b. Suppose -11478 = -v*s - 1262. Is s a composite number?
True
Suppose 0 = z - 5*w - 29, 4*z - w - 5 = 16. Is (-268)/16*-23*z prime?
False
Let y(f) = 564*f**3 + 77*f**2 - 48*f + 72. Is y(7) a composite number?
False
Suppose -5*k = -9*k + 3248. Suppose 2*z = -4*s + k, -4*s - 5*z + 800 = -0*s. Suppose 3*w - 44 - s = 0. Is w composite?
False
Suppose 20 = x - 4*v, -25 = 2*x - v + 6*v. Suppose -11*l + 8*l + 12 = x. Suppose -2418 + 290 = -4*u - l*j, -u = -3*j - 520. Is u a prime number?
False
Let y = 40 - 41. Let p(o) = 3*o + 3. Let i be p(y). Suppose 4*q - 10 - 2 = i, -5*v = 3*q - 2914. Is v a prime number?
False
Let w(u) = -u**3 + 39*u**2 - 30*u - 191. Is w(-31) prime?
False
Let i(d) = -d**3 - 32*d**2 + 32*d + 32. Let l be i(-30). Let u = -1221 - l. Is u a composite number?
True
Let u = 187630 + -49572. Is u prime?
False
Let f be -1*1 + -1 - 1138/(-2). Suppose 5*q = 20, 0*o - 4*q = -o - f. Let c = 536 - o. Is c a composite number?
False
Suppose -6*n - 13460 + 36242 = 0. I